[INFO] cloning repository https://github.com/everett1992/aoc2019
[INFO] running `Command { std: "git" "-c" "credential.helper=" "-c" "credential.helper=/workspace/cargo-home/bin/git-credential-null" "clone" "--bare" "https://github.com/everett1992/aoc2019" "/workspace/cache/git-repos/https%3A%2F%2Fgithub.com%2Feverett1992%2Faoc2019", kill_on_drop: false }`
[INFO] [stderr] Cloning into bare repository '/workspace/cache/git-repos/https%3A%2F%2Fgithub.com%2Feverett1992%2Faoc2019'...
[INFO] running `Command { std: "git" "rev-parse" "HEAD", kill_on_drop: false }`
[INFO] [stdout] 141a4d9f251bd17a606c07f5be362c121b950e97
[INFO] checking everett1992/aoc2019 against master#af3c6e733a40e671550e0f0f5aeecaa13772ba56 for pr-74989
[INFO] running `Command { std: "git" "clone" "/workspace/cache/git-repos/https%3A%2F%2Fgithub.com%2Feverett1992%2Faoc2019" "/workspace/builds/worker-0/source", kill_on_drop: false }`
[INFO] [stderr] Cloning into '/workspace/builds/worker-0/source'...
[INFO] [stderr] done.
[INFO] validating manifest of git repo https://github.com/everett1992/aoc2019 on toolchain af3c6e733a40e671550e0f0f5aeecaa13772ba56
[INFO] running `Command { std: "/workspace/cargo-home/bin/cargo" "+af3c6e733a40e671550e0f0f5aeecaa13772ba56" "read-manifest" "--manifest-path" "Cargo.toml", kill_on_drop: false }`
[INFO] started tweaking git repo https://github.com/everett1992/aoc2019
[INFO] finished tweaking git repo https://github.com/everett1992/aoc2019
[INFO] tweaked toml for git repo https://github.com/everett1992/aoc2019 written to /workspace/builds/worker-0/source/Cargo.toml
[INFO] crate git repo https://github.com/everett1992/aoc2019 already has a lockfile, it will not be regenerated
[INFO] running `Command { std: "/workspace/cargo-home/bin/cargo" "+af3c6e733a40e671550e0f0f5aeecaa13772ba56" "fetch" "--locked" "--manifest-path" "Cargo.toml", kill_on_drop: false }`
[INFO] running `Command { std: "docker" "create" "-v" "/var/lib/crater-agent-workspace/builds/worker-0/target:/opt/rustwide/target:rw,Z" "-v" "/var/lib/crater-agent-workspace/builds/worker-0/source:/opt/rustwide/workdir:ro,Z" "-v" "/var/lib/crater-agent-workspace/cargo-home:/opt/rustwide/cargo-home:ro,Z" "-v" "/var/lib/crater-agent-workspace/rustup-home:/opt/rustwide/rustup-home:ro,Z" "-e" "SOURCE_DIR=/opt/rustwide/workdir" "-e" "CARGO_TARGET_DIR=/opt/rustwide/target" "-e" "CARGO_HOME=/opt/rustwide/cargo-home" "-e" "RUSTUP_HOME=/opt/rustwide/rustup-home" "-w" "/opt/rustwide/workdir" "-m" "1610612736" "--user" "0:0" "--network" "none" "rustops/crates-build-env@sha256:d92eaeed33fa75130ca1ee6c8a01d1ffb62bac859dfdfb3450e3e5d1c0146529" "/opt/rustwide/cargo-home/bin/cargo" "+af3c6e733a40e671550e0f0f5aeecaa13772ba56" "metadata" "--no-deps" "--format-version=1", kill_on_drop: false }`
[INFO] [stdout] 9965c94fe58a568c0ada6e442a8a780085ebb7d1382b64e84b84054fac86d2df
[INFO] [stderr] WARNING: Your kernel does not support swap limit capabilities or the cgroup is not mounted. Memory limited without swap.
[INFO] running `Command { std: "docker" "start" "-a" "9965c94fe58a568c0ada6e442a8a780085ebb7d1382b64e84b84054fac86d2df", kill_on_drop: false }`
[INFO] running `Command { std: "docker" "inspect" "9965c94fe58a568c0ada6e442a8a780085ebb7d1382b64e84b84054fac86d2df", kill_on_drop: false }`
[INFO] running `Command { std: "docker" "rm" "-f" "9965c94fe58a568c0ada6e442a8a780085ebb7d1382b64e84b84054fac86d2df", kill_on_drop: false }`
[INFO] [stdout] 9965c94fe58a568c0ada6e442a8a780085ebb7d1382b64e84b84054fac86d2df
[INFO] running `Command { std: "docker" "create" "-v" "/var/lib/crater-agent-workspace/builds/worker-0/target:/opt/rustwide/target:rw,Z" "-v" "/var/lib/crater-agent-workspace/builds/worker-0/source:/opt/rustwide/workdir:ro,Z" "-v" "/var/lib/crater-agent-workspace/cargo-home:/opt/rustwide/cargo-home:ro,Z" "-v" "/var/lib/crater-agent-workspace/rustup-home:/opt/rustwide/rustup-home:ro,Z" "-e" "SOURCE_DIR=/opt/rustwide/workdir" "-e" "CARGO_TARGET_DIR=/opt/rustwide/target" "-e" "CARGO_INCREMENTAL=0" "-e" "RUST_BACKTRACE=full" "-e" "RUSTFLAGS=--cap-lints=forbid" "-e" "CARGO_HOME=/opt/rustwide/cargo-home" "-e" "RUSTUP_HOME=/opt/rustwide/rustup-home" "-w" "/opt/rustwide/workdir" "-m" "1610612736" "--user" "0:0" "--network" "none" "rustops/crates-build-env@sha256:d92eaeed33fa75130ca1ee6c8a01d1ffb62bac859dfdfb3450e3e5d1c0146529" "/opt/rustwide/cargo-home/bin/cargo" "+af3c6e733a40e671550e0f0f5aeecaa13772ba56" "check" "--frozen" "--all" "--all-targets" "--message-format=json", kill_on_drop: false }`
[INFO] [stdout] 142ab21e53eb44b68ed15d77bb25233b36e64ae81fefe461fd7fcb9633577f01
[INFO] [stderr] WARNING: Your kernel does not support swap limit capabilities or the cgroup is not mounted. Memory limited without swap.
[INFO] running `Command { std: "docker" "start" "-a" "142ab21e53eb44b68ed15d77bb25233b36e64ae81fefe461fd7fcb9633577f01", kill_on_drop: false }`
[INFO] [stderr]    Compiling syn v1.0.11
[INFO] [stderr]     Checking slab v0.4.2
[INFO] [stderr]     Checking strsim v0.8.0
[INFO] [stderr]    Compiling proc-macro2 v1.0.6
[INFO] [stderr]    Compiling syn v0.15.44
[INFO] [stderr]     Checking clap v2.33.0
[INFO] [stderr]    Compiling quote v1.0.2
[INFO] [stderr]    Compiling structopt-derive v0.2.18
[INFO] [stderr]     Checking structopt v0.2.18
[INFO] [stderr]    Compiling proc-macro-hack v0.5.11
[INFO] [stderr]    Compiling futures-macro v0.3.1
[INFO] [stderr]     Checking futures-util v0.3.1
[INFO] [stderr]     Checking futures-executor v0.3.1
[INFO] [stderr]     Checking futures v0.3.1
[INFO] [stderr]     Checking aoc v0.1.0 (/opt/rustwide/workdir)
[INFO] [stdout] error[E0599]: no method named `run` found for tuple `(IntCode, futures_channel::mpsc::Sender<i32>, futures_channel::mpsc::Receiver<i32>)` in the current scope
[INFO] [stdout]   --> src/bin/intcode.rs:19:35
[INFO] [stdout]    |
[INFO] [stdout] 19 |     IntCode::new(initial.clone()).run(&rec, &send);
[INFO] [stdout]    |                                   ^^^ method not found in `(IntCode, futures_channel::mpsc::Sender<i32>, futures_channel::mpsc::Receiver<i32>)`
[INFO] [stdout] 
[INFO] [stdout] 
[INFO] [stdout] error[E0599]: no method named `run` found for tuple `(IntCode, futures_channel::mpsc::Sender<i32>, futures_channel::mpsc::Receiver<i32>)` in the current scope
[INFO] [stdout]   --> src/bin/intcode.rs:25:35
[INFO] [stdout]    |
[INFO] [stdout] 25 |     IntCode::new(initial.clone()).run(&rec, &send);
[INFO] [stdout]    |                                   ^^^ method not found in `(IntCode, futures_channel::mpsc::Sender<i32>, futures_channel::mpsc::Receiver<i32>)`
[INFO] [stdout] 
[INFO] [stdout] 
[INFO] [stdout] error: aborting due to 2 previous errors
[INFO] [stdout] 
[INFO] [stdout] 
[INFO] [stdout] For more information about this error, try `rustc --explain E0599`.
[INFO] [stdout] 
[INFO] [stderr] error: could not compile `aoc`.
[INFO] [stderr] 
[INFO] [stderr] To learn more, run the command again with --verbose.
[INFO] [stderr] warning: build failed, waiting for other jobs to finish...
[INFO] [stdout] error[E0599]: no method named `run` found for tuple `(IntCode, futures_channel::mpsc::Sender<i32>, futures_channel::mpsc::Receiver<i32>)` in the current scope
[INFO] [stdout]   --> src/bin/intcode.rs:19:35
[INFO] [stdout]    |
[INFO] [stdout] 19 |     IntCode::new(initial.clone()).run(&rec, &send);
[INFO] [stdout]    |                                   ^^^ method not found in `(IntCode, futures_channel::mpsc::Sender<i32>, futures_channel::mpsc::Receiver<i32>)`
[INFO] [stdout] 
[INFO] [stdout] 
[INFO] [stdout] error[E0599]: no method named `run` found for tuple `(IntCode, futures_channel::mpsc::Sender<i32>, futures_channel::mpsc::Receiver<i32>)` in the current scope
[INFO] [stdout]   --> src/bin/intcode.rs:25:35
[INFO] [stdout]    |
[INFO] [stdout] 25 |     IntCode::new(initial.clone()).run(&rec, &send);
[INFO] [stdout]    |                                   ^^^ method not found in `(IntCode, futures_channel::mpsc::Sender<i32>, futures_channel::mpsc::Receiver<i32>)`
[INFO] [stdout] 
[INFO] [stdout] 
[INFO] [stdout] error: aborting due to 2 previous errors
[INFO] [stdout] 
[INFO] [stdout] 
[INFO] [stdout] For more information about this error, try `rustc --explain E0599`.
[INFO] [stdout] 
[INFO] [stderr] error: build failed
[INFO] running `Command { std: "docker" "inspect" "142ab21e53eb44b68ed15d77bb25233b36e64ae81fefe461fd7fcb9633577f01", kill_on_drop: false }`
[INFO] running `Command { std: "docker" "rm" "-f" "142ab21e53eb44b68ed15d77bb25233b36e64ae81fefe461fd7fcb9633577f01", kill_on_drop: false }`
[INFO] [stdout] 142ab21e53eb44b68ed15d77bb25233b36e64ae81fefe461fd7fcb9633577f01
